{"id":44,"date":"2015-09-19T10:11:09","date_gmt":"2015-09-19T10:11:09","guid":{"rendered":"http:\/\/norrum.se\/?page_id=44"},"modified":"2019-10-11T10:14:24","modified_gmt":"2019-10-11T10:14:24","slug":"kontakt","status":"publish","type":"page","link":"https:\/\/norrum.se\/","title":{"rendered":"Kontakt"},"content":{"rendered":"<p>Ellinor Hietaharju<\/p>\n<p>Tel:<strong> 072 156 11 66 \u00a0<\/strong>n\u00e5s s\u00e4krast vardagar 11-15<\/p>\n<p>Adress: G\u00e5rd Norrum, Horn Norrum ,341 75 Hamneda<\/p>\n","protected":false},"excerpt":{"rendered":"<p>Ellinor Hietaharju Tel: 072 156 11 66 \u00a0n\u00e5s s\u00e4krast vardagar 11-15 Adress: G\u00e5rd Norrum, Horn Norrum ,341 75 Hamneda<\/p>\n","protected":false},"author":2,"featured_media":0,"parent":0,"menu_order":1,"comment_status":"closed","ping_status":"closed","template":"","meta":{"footnotes":""},"class_list":["post-44","page","type-page","status-publish","hentry"],"_links":{"self":[{"href":"https:\/\/norrum.se\/index.php?rest_route=\/wp\/v2\/pages\/44","targetHints":{"allow":["GET"]}}],"collection":[{"href":"https:\/\/norrum.se\/index.php?rest_route=\/wp\/v2\/pages"}],"about":[{"href":"https:\/\/norrum.se\/index.php?rest_route=\/wp\/v2\/types\/page"}],"author":[{"embeddable":true,"href":"https:\/\/norrum.se\/index.php?rest_route=\/wp\/v2\/users\/2"}],"replies":[{"embeddable":true,"href":"https:\/\/norrum.se\/index.php?rest_route=%2Fwp%2Fv2%2Fcomments&post=44"}],"version-history":[{"count":4,"href":"https:\/\/norrum.se\/index.php?rest_route=\/wp\/v2\/pages\/44\/revisions"}],"predecessor-version":[{"id":66,"href":"https:\/\/norrum.se\/index.php?rest_route=\/wp\/v2\/pages\/44\/revisions\/66"}],"wp:attachment":[{"href":"https:\/\/norrum.se\/index.php?rest_route=%2Fwp%2Fv2%2Fmedia&parent=44"}],"curies":[{"name":"wp","href":"https:\/\/api.w.org\/{rel}","templated":true}]}}